hundreds digit of y?
9
Let d(o) = 209*o - 191. Let k be d(8). Let h = k - 200. What is the tens digit of h?
8
Suppose -669 = o - 3405. Let q be (0 - 30/(-4))*o/60. Suppose -q = 18*t - 24*t. What is the tens digit of t?
5
What is the units digit of 15318/2*((-96)/432)/((-4)/18)?
9
Let p = -8995 + 22776. What is the ten thousands digit of p?
1
Let v = 33 + -34. Let s(h) = 391*h**2 - 3*h - 5. What is the tens digit of s(v)?
8
What is the hundreds digit of (-12 + 6)/(-3*(-1)/(-3694))?
3
Let q(f) = -f**3 - 4*f**2 - 38*f - 11. Let v(s) = 3*s + 45. Let x be v(-17). What is the tens digit of q(x)?
8
Suppose 2545920 = 329*m - 127*m - 150*m. What is the units digit of m?
0
Let k be (4 - 7/2)/((-4)/(-24)). What is the units digit of (-8)/(-6)*(1467/2)/k?
6
Let c = -5374 - -8804. What is the thousands digit of c?
3
Let d = 96 + -88. Suppose 2073 = -5*g + d*g. What is the units digit of g?
1
Let a(z) = -10*z + 37. Let p be a(-16). Let g = 79 - p. Let l = -44 - g. What is the units digit of l?
4
Let u = -1 + -1114. Let y = u + 1675. What is the hundreds digit of y?
5
Let t(l) = -413*l + 1903. What is the thousands digit of t(-9)?
5
Let n(g) = -2342*g - 20974. What is the units digit of n(-42)?
0
Suppose 5*v + 6200 = 11240. What is the hundreds digit of v?
0
Let d = -15498 + 21917. What is the units digit of d?
9
Suppose 0 = -3*h - 3*y + 75639, 201668 = -6*h + 14*h - 4*y. What is the ten thousands digit of h?
2
Let l(o) = o**3 + 6*o**2 + 2*o + 7. Let d be l(-6). Let t(k) be the first derivative of k**3 - 7*k**2 - 10*k + 2499. What is the hundreds digit of t(d)?
1
Let l = -5502 + 10392. What is the tens digit of l?
9
What is the thousands digit of -91*(-13)/(-91) - -58396?
8
Let y = -497 - -708. Let s = 879 - y. What is the tens digit of s?
6
Suppose -6 = 2*b, -2*d - 9*b = -6*b + 27. Let u = d + 12. Suppose -9 = -u*t, 3*m + 2*m - 908 = 4*t. What is the units digit of m?
4
Let l(u) be the third derivative of 1/120*u**6 + 0 - u**2 + 13/24*u**4 - 11/6*u**3 + 1/3*u**5 + 0*u. What is the hundreds digit of l(-19)?
1
Suppose 3*l + 5*v - v - 3 = 0, 5*l - v + 18 = 0. Let g be (-2)/2 - 6 - (0 + l). Let j(n) = -11*n - 12. What is the units digit of j(g)?
2
Suppose 4*n + 97 = 3*q, 25*q = -5*n + 28*q - 119. What is the units digit of (-7404)/n + -9 + 1116/132?
6
Let w be (-3 + 652/8)*4. Let z = 104 - w. What is the tens digit of z/(-4) + 15/(-30)?
5
Let l = 29031 - 22568. What is the thousands digit of l?
6
Suppose -85*q = -91*q - 840. Let m = q - -272. What is the units digit of m?
2
Let v = 24 + -33. Let i(g) = g**3 + 10*g**2 - 12*g + 13. Let z be i(v). Let a = z + -126. What is the units digit of a?
6
Suppose -5*t - 31 = -46. Suppose 0 = -5*q - 25, -t*y + 20 = -y - 2*q. What is the units digit of y?
5
Let u(c) = c**2 - c - 1. Let g(w) = -39*w**2 + 2*w - 7. Let t(j) = -g(j) - 5*u(j). What is the tens digit of t(4)?
6
Suppose 0 = -2*d + 177 + 311. Let o = d - 148. What is the tens digit of o?
9
Let l = -16144 + 32705. What is the hundreds digit of l?
5
What is the tens digit of (-3)/6*-1 - (-43795)/10?
8
Let h(r) = -3*r**2 + 128*r + 24. Let m be h(25). Suppose 0 = 2*x + 5*n - 2079 - m, x - 1714 = -3*n. What is the thousands digit of x?
1
Let f(m) = 80*m - 3. Let c be f(4). Suppose -3*w + 12*a = 9*a - 234, 3*a + 9 = 0. Suppose 4*b - c = w. What is the units digit of b?
8
What is the thousands digit of ((-45)/12)/((-480)/3400960)?
6
Let p(b) = 3*b**3 - 3*b**2 + 2*b + 3. Let z be ((-6)/(-24))/((-1)/(-8)). Suppose 4*s - 11 - 9 = 0, -5*m + z*s + 5 = 0. What is the tens digit of p(m)?
6
Let d be (-265728)/(-336)*(-7)/(-2). Suppose g - 697 = -o, -g = -2*o - 2*o + d. What is the tens digit of o?
9
Let u = 50 + -52. Let d be (u*(-1)/(-3))/((-2)/6). Suppose 4*r - 368 = d*r. What is the units digit of r?
4
Suppose -35 = 5*z, z + 51017 = 5*t + 5*z. What is the units digit of t?
9
What is the units digit of 2720*3562/364 + 4/(-28)?
7
Suppose -2*m = 3*d - 17759, 5*m + 4*d - 64094 = -19707. Suppose -m = -21*y + 8324. What is the tens digit of y?
1
Let v = -368 - -366. What is the hundreds digit of (5 + -15)/(v/35)?
1
Let o = -50085 + 71059. What is the units digit of o?
4
What is the hundreds digit of 65866 - ((-120)/35)/(40/140)?
8
What is the hundreds digit of ((-3)/9 + 1861/12)/((-285)/(-50160))?
2
Suppose -12 = -4*x - 156. Let u(h) = h**3 + 37*h**2 - 8*h - 57. What is the units digit of u(x)?
7
Suppose -2676 = -w + v + 1292, -v = -10*w + 39707. What is the tens digit of w?
7
Let k = 44 + -41. Suppose -k*t + 5*t = 344. Let n = t + -75. What is the tens digit of n?
9
Suppose -2*r - 2*p = -12, 0 = 2*r + 5*p - 2*p - 16. Suppose 770 = r*g - 0*g. What is the tens digit of g?
8
Let g(v) = -5*v - 26. Let u be g(-5). Let z be 4 + u + -1 + 8 + -6. Suppose y - 125 = 2*m, z*y - 3*m - 341 - 149 = 0. What is the tens digit of y?
2
Let c(i) = -3*i**2 - 3*i + 13. Let r(y) = -1. Let p(a) = c(a) + 3*r(a). Let g be p(5). What is the units digit of 150/4*(g/(-15) + -4)?
0
Let y = -441 - -233. Let j = y + 733. What is the tens digit of j?
2
Let t be 10/(-15)*(-36)/24. What is the tens digit of 54379/(-178)*1/(t/(-6))?
3
Let w = -137 - -464. Let k = 441 + w. What is the units digit of k?
8
Let c(w) = -12*w - 6 - 12*w - 1. Let k = -6626 + 6624. What is the units digit of c(k)?
1
What is the units digit of 468/(-780) + -42*(-1926)/20?
4
Suppose 4*h - 10 = -h. Suppose -12 = -2*f - h*f. Suppose -f*i - u - 99 = -4*i, i - 5*u = 107. What is the units digit of i?
7
Let q(x) = 5110*x**3 + 5*x**2 - 29*x - 26. Let t(s) = 3407*s**3 + 3*s**2 - 19*s - 17. Let b(o) = 5*q(o) - 8*t(o). What is the units digit of b(-1)?
6
Suppose -4*l + 2*d = -34, -4*d = 10 + 10. Let q be (-28)/8*24/l. What is the hundreds digit of 2524/14 - (-4)/q?
1
Suppose 0 = -3*u + 3*v - 6*v + 148446, -2*v = -12. What is the units digit of u?
6
Let l(a) = 100*a**2 + 21*a - 90. Let b be l(4). Suppose b = 4*u - 150. What is the units digit of u?
6
Let q(f) = -889*f - 19. What is the tens digit of q(-1)?
7
What is the hundreds digit of (61/732)/(1/68916)?
7
Suppose 0 = 13*n - 167 - 249. Suppose n*i - 440 - 7176 = 0. What is the hundreds digit of i?
2
Let n(j) = -13*j - 63 - 2*j + 8*j + 3*j**2 + 21*j. What is the hundreds digit of n(9)?
3
Let y(f) = -3*f**2 - 10*f + 3. Let j be y(-3). Let k(r) = 8*r + 14. What is the tens digit of k(j)?
6
Let i(u) be the third derivative of 347*u**4/24 - 2*u**3/3 + 29*u**2. Let r be i(2). Suppose 19*t = 9*t + r. What is the units digit of t?
9
Suppose 3*r + 2*r - 34646 = -4*q, 0 = 4*q - 2*r - 34632. What is the units digit of q?
9
Suppose -14*g + 11*g - 6 = k, -28 = 2*k + 2*g. Let r be 108 - (-6)/(-9)*3. Let a = r + k. What is the tens digit of a?
8
Suppose -15*v = -13*v. Suppose v = 23*r - 20*r - 21. What is the tens digit of ((-1046)/(-12) - -2) + r/(-42)?
8
Let z(x) = -2*x**2 + 22*x - 15. Let i be z(9). Suppose 0 = -5*w + 10, -i*p + 24*p + 5*w - 130 = 0. What is the tens digit of p?
4
Let j(r) = 2*r**3 + 103*r**2 - 16*r + 41. What is the thousands digit of j(-51)?
3
Let u(g) = -211*g - 705. What is the tens digit of u(-42)?
5
Let v(y) = -2*y**2 - 10*y - 9. Let x = -51 - -48. Let g be v(x). What is the units digit of 3*(-282)/(-27)*g?
4
Let d = -18168 + 31186. What is the tens digit of d?
1
Suppose 2*z = -3*a - 45, -2*z + 0*z = 5*a + 55. Let g = z + 20. Let y(x) = x**3 - 5*x**2 + 7*x. What is the units digit of y(g)?
5
Suppose 0*a - y = -a, 5*a = 2*y + 15. Suppose 2*d = -0*d, -a*b = 2*d - 250. Let g = b - 49. What is the units digit of g?
1
Let b(d) = -d**3 + 6*d**2 - 4*d - 7. Let f be b(4). Suppose 3*q = -0*q - f. What is the units digit of (q - (-18)/4)/((-2)/(-68))?
1
Suppose 0 = -3*x - 5*q - 54, 3*q = -4*x + 2*q - 55. Let h = x + 18. Suppose -349 = -4*o + 3*n, 181 = 2*o + h*n - 0*n. What is the tens digit of o?
8
Let v(q) be the third derivative of 7*q**4/2 + 34*q**3/3 + 33*q**2. What is the thousands digit of v(12)?
1
Let r = -23 - -26. Suppose 5*b = x + 20, r*b + 2*b = 5*x + 60. What is the tens digit of (18/x)/(3/(-105))?
6
Let c(s) = -60*s**2 - 19*s + 13. Let f(z) = -60*z**2 - 21*z + 14. Let j(b) = -6*c(b) + 5*f(b). What is the hundreds digit of j(4)?
9
What is the hundreds digit of ((-2157742)/1632*12)/((10/8)/(-5))?
4
Let t(b) = 2*b**3 - 15*b**2 + 151*b - 41. What is the hundreds digit of t(18)?
4
Supp